-g + z = -z - 44, -4*z + c = 5*g. List the prime factors of g.
2, 3
Let k(y) = -4*y + 15. Let m(p) = 4*p - 14. Let r(f) = -4*k(f) - 5*m(f). Let a = -3 + -8. List the prime factors of r(a).
2, 3
Let n = 118 + -196. Let m be (-1712)/(-26) - 12/n. Suppose -m = -3*y + 75. What are the prime factors of y?
47
Suppose s + 6 = 12. Suppose -s*k = k - 1309. List the prime factors of k.
11, 17
Let j(z) = z**3 - 4*z**2 + 2*z - 6. Let u be j(4). Let b(d) = 2*d**3 - d**2 + 1. What are the prime factors of b(u)?
13
Let h(o) = 58*o**2 - 16*o - 2. List the prime factors of h(8).
2, 3, 199
Let i be (4/(-6) + 35/(-5))*-6. Suppose i = w - 33. List the prime factors of w.
79
Let q(w) = 7*w + 22. Let p be q(-4). What are the prime factors of p*(-2)/9 - (-2288)/12?
2, 3
Suppose 0 = -3*s - 2 + 20. What are the prime factors of -5*(-2 + s)/(-4)?
5
List the prime factors of 266/(-4)*34*60/(-70).
2, 3, 17, 19
Suppose -2*u = -3*i - 10, 2*u = -0*i + i + 10. Suppose i*z = -z + 59. List the prime factors of z.
59
Let v = -2 - -14. Suppose -v*q + 2 = -11*q. Suppose 0 = -q*x + 7 + 23. List the prime factors of x.
3, 5
Let u = 3974 + -1895. What are the prime factors of u?
3, 7, 11
Suppose 0 = -11*t + 1209 + 2894. What are the prime factors of t?
373
Suppose 4*n - 250 = 322. List the prime factors of n.
11, 13
Let k(r) = -27*r - 22. Let m = 84 + -88. List the prime factors of k(m).
2, 43
Suppose 102*u - 152488 - 103226 = 0. What are the prime factors of u?
23, 109
Suppose -3*o + 12 = -o. Suppose -3*l + 0 + o = 0. Suppose y + 3*g - l*g = 27, 0 = -4*y - 5*g + 103. What are the prime factors of y?
2
Let w = 143 + 79. Suppose -3*d + 126 = 3*j, 5*d = 5*j + 2 - w. List the prime factors of j.
43
Let o(n) = 34*n**2 - 1. Let a = -10 + 11. Let g be o(a). Let j = g - 6. What are the prime factors of j?
3
Let b(y) = -y**3 + 6*y**2 - 6*y + 7. Let v be b(5). Suppose -v = 4*c + 6. List the prime factors of (c/(-4))/(9/324).
2, 3
Suppose -1268 = 44*z - 48*z. What are the prime factors of z?
317
Suppose 534 = 7*m - 264. What are the prime factors of m?
2, 3, 19
List the prime factors of (-6)/16 - (-320250)/112.
3, 953
Let a(r) = -r**3 - r**2 - 2*r + 7. Suppose 0 = -5*v - 10 - 15. List the prime factors of a(v).
3, 13
Let u = -15 - -33. Suppose u - 30 = -3*h. What are the prime factors of (57 - h) + -4 - -4?
53
Suppose 4*z + 5*w = z - 48, -3*z + 3*w = 72. Suppose -3*h + 425 = 5*l, -4*l + 313 = 3*h - 6*h. Let r = l + z. List the prime factors of r.
61
Let g(d) = -3018*d + 2. Let j be g(4). List the prime factors of j/(-51) + ((-4)/(-3))/(-2).
2, 59
Let q(w) = 45*w**2 + 12*w - 14. List the prime factors of q(3).
7, 61
Let z(l) = -8*l**2 + 2*l. Let f be z(4). Let c = f - -170. What are the prime factors of c?
2, 5
Suppose 0 = 5*k + 5, k - 344 = 12*s - 15*s. Let l(r) = 3*r**2 - 3*r + 2. Let g be l(2). What are the prime factors of g/52 + s/13?
3
Suppose 5*b = 11 + 4. Suppose 4*u = 5*k + 10 + 211, -k = b*u - 161. List the prime factors of u.
2, 3
Let x(p) = -p**2 + 20*p + 5. What are the prime factors of x(14)?
89
Let d = -11 - -64. What are the prime factors of d?
53
Let f(s) = 79*s**2 - s - 5. Let k(d) = 1. Let w(a) = f(a) + 5*k(a). List the prime factors of w(-1).
2, 5
Let v = 441 - 279. Suppose 0 = -3*z + 3*d + v, 3*z + d - 5*d = 161. List the prime factors of z.
5, 11
Suppose -3*k + 10*k - 112 = 0. Let i = -2 + 2. Suppose -t = -i*t - k. List the prime factors of t.
2
Let c be 0/(3/(-1)) - 20. Let i = c + 12. Let k(m) = -m**3 - 9*m**2 - 12*m - 3. What are the prime factors of k(i)?
29
Suppose -3*u + 0*u = -12. Let r be ((-45)/2 + -4)*-2. Suppose -u*i + 2*c + r = -95, 106 = 3*i + c. List the prime factors of i.
2, 3
Let i be (-4 + 2 + 4)/1. Suppose i*o - 40 = r, -r = 2*o - 11 - 29. What are the prime factors of o?
2, 5
Let d = 111 + 457. What are the prime factors of d?
2, 71
Suppose 3*d + x - 3262 = 0, 234*d - 232*d = -5*x + 2192. What are the prime factors of d?
2, 3, 181
Let i = -1433 + 1507. List the prime factors of i.
2, 37
Let f be (902/8)/(2/8). Suppose 0 = 2*r - f + 67. Suppose -5*b + r = 57. List the prime factors of b.
3
Let g = 877 + -176. List the prime factors of g.
701
Suppose -9*j + 5*j = 0. Let p(v) = -2*v + 250. Let c be p(j). Suppose 0 = 4*u - b - c, -u - u = -b - 126. List the prime factors of u.
2, 31
Let z(k) = -4*k - 3. Let h be z(4). Let s(l) = -24*l - 43 - l**2 - 5 + 22. What are the prime factors of s(h)?
3, 23
Suppose 8*t + 1678 = 3*a + 3*t, 2*a - 1124 = -2*t. List the prime factors of a.
3, 11, 17
Suppose -16 = o - 19. Suppose -o*r = -5*a + 29, 13 = -a - 4*r + 5. What are the prime factors of a?
2
Let y be 2/2 - ((-246)/(-3))/(-2). Let h be 1/2 - (-14)/4. What are the prime factors of y - (-3 + 4) - h?
37
Suppose -p - 4*f = -114, 26*f = -4*p + 22*f + 504. List the prime factors of p.
2, 5, 13
Let o(h) be the first derivative of -h**6/120 + h**5/12 + h**4/12 - 2*h**2 - 1. Let c(m) be the second derivative of o(m). List the prime factors of c(3).
2, 3
Suppose 285*o - 512 = 269*o. Let j = -3 - -8. Suppose k - o = -3*g, 3*g + 99 = j*k - 61. List the prime factors of k.
2
Suppose 4*q = g + 19, -g = g + 6. Let d = q + 7. List the prime factors of d.
11
Let a = -191 - -490. Suppose -a = -4*f - 79. What are the prime factors of f?
5, 11
Let t = 306 + -28. What are the prime factors of t?
2, 139
Let h(j) = j**2 - 2*j + 56. Suppose 0 = 10*f - 18*f. What are the prime factors of h(f)?
2, 7
Let t(b) be the first derivative of -2*b**2 + 11*b - 1. Suppose -18*p - 135 - 45 = 0. List the prime factors of t(p).
3, 17
Let l(v) be the first derivative of v**2/2 + 13*v + 5. What are the prime factors of l(-5)?
2
Let r = -270 + 515. Let s = 427 - r. What are the prime factors of s?
2, 7, 13
Let o be (-56)/12*(-3)/1. Let x = 22 - 11. Let q = o + x. What are the prime factors of q?
5
What are the prime factors of -2 + (-7)/14*-138?
67
Let s(o) be the second derivative of o**6/120 + o**5/15 - o**4/3 - 13*o. Let z(r) be the third derivative of s(r). List the prime factors of z(8).
2, 7
Suppose 4*y - 735 - 2905 = 0. What are the prime factors of y?
2, 5, 7, 13
Let d(k) = -9*k - 266. Let y be d(-30). Let a be (1/(-2))/(2/(-8)). Suppose -y*f + a*g = -g - 135, 2*f - 70 = 4*g. List the prime factors of f.
3, 11
Suppose -5*x - 315 + 925 = 0. Suppose 0 = -4*s - 72 - 176. Let i = s + x. List the prime factors of i.
2, 3, 5
List the prime factors of 4 - (-8 + 9) - -3457.
2, 5, 173
Let k(d) = -4*d - 6. Let a be k(-2). List the prime factors of (-2)/11 - (a + 1773/(-11)).
3, 53
Let s = 62 + -56. Suppose -4*p - 486 = -s*p. What are the prime factors of p?
3
Suppose -3*m = 2*r - 12, -5*m - 3*r - 2*r = -20. What are the prime factors of m?
2
Let j be -9 + 14 - ((-2 - -2) + 2). Let s = -7 - -27. Suppose 5*a - s = 0, 44 = 2*p + j*a - 0. What are the prime factors of p?
2
Suppose -3*h = 3*f - 1845, -4*h + 1108 = -3*f - 1317. List the prime factors of h.
2, 5, 61
Let g = 127 + -132. What are the prime factors of (-1)/(-3) + ((-12030)/18)/g?
2, 67
Suppose 0 = -24*s + 28*s - 2364. What are the prime factors of s/12 - (-3)/4?
2, 5
Let f = -45 + 36. What are the prime factors of ((-40)/(-6) - -2)/(f/(-27))?
2, 13
Let x(b) = -b**2 - 13*b. Let a be x(-13). Suppose a*l - g = -5*l + 1335, 1335 = 5*l - 2*g. What are the prime factors of l?
3, 89
Suppose 8*c = 9*c - 3*o - 410, -1186 = -3*c - 2*o. What are the prime factors of c?
2, 199
Suppose -17 = -2*z + 81. Let a = 82 - z. Suppose 4*b - a = 3*l, -6*b + 5*l + 35 = -b. List the prime factors of b.
2, 3
Suppose 3*h - 3*c - 6 = 0, -c + 22 = 3*h + 4*c. Suppose -q + 30 = -h*q. Let l = q + 17. List the prime factors of l.
7
Let g = -18 + 23. Suppose 2*k + 1 = g, 4*j - 4*k = 16. Let h = j - -20. List the prime factors of h.
2, 13
Let k be (-3 - -4)*(-1 + 2). List the prime factors of (-3)/(-1) - (-49 + k).
3, 17
Suppose 5*h + 4*u - 364 = 0, -h + 3*u + 90 = 21. Let v = h - 19. What are the prime factors of v?
53
Let n(m) = -2*m - 3. Let d be n(-2). Let w(q) = -73*q + 43*q + 2 + 47*q. What are the prime factors of w(d)?
19
Suppose 2*o = 5*o - 4*l - 103, -3*o - 5*l = -94. Let a = -8 + o. Suppose 4*i + 5*k + 4 - 44 = 0, -5*k = i - a. List the prime factors of i.
5
Suppose 0 = t + 5*c - 78, -2 = 3*c + 1. Let g = t - 45. What are the prime factors of g?
2, 19
Let a(v) be the 